et v be 233/(-5) + 3/5. Let s = y + v. Let l(w) = -w**3 + 2*w**2 + 2*w + 1. Give l(s).
2
Let h(k) = k**3 - 6*k**2 - k. Let t(p) = -31*p - 13. Let u be t(-1). Suppose u = 6*l - 3*l. Calculate h(l).
-6
Let q(w) = 4*w**2 - 46*w - 90. Let y(n) = 5*n**2 - 57*n - 96. Let p(t) = -4*q(t) + 3*y(t). Give p(17).
4
Let p(k) = -16*k**2 - 29*k + 81. Let s(o) = -9*o**2 - 15*o + 43. Let w(u) = 5*p(u) - 9*s(u). Calculate w(8).
2
Let n(j) = 8*j - 342. Suppose 2*m - 107 = -3*y, -77*y + 80*y = 2*m - 65. What is n(m)?
2
Let w(p) be the third derivative of p**4/8 - p**3/3 + 3081*p**2. Let o(b) = -b**2 - b - 2. Let y be o(0). Give w(y).
-8
Let l = -4655 - -4648. Let k(i) = i + 4. What is k(l)?
-3
Let u = -644 - -652. Let b be 28/(-12)*9 + u. Let s(a) = -a**2 - 14*a - 12. What is s(b)?
1
Let z(l) = -l**3 - 10*l**2 - 24*l - 6. Let q be z(-7). Let r(d) = q*d - 25*d + 16*d - 1 - 1. What is r(-3)?
-20
Let t = -160 + 163. Suppose 4*b = 5*i + 51, 3*b + b + t*i = 27. Let n(o) = o**3 - 9*o**2 + o - 8. Give n(b).
1
Let t be 5 + 6 - 27/6*4/3. Let y(a) = -a - 15. Determine y(t).
-20
Let p = -130 + 217. Let g(k) = -3*k - k**2 + 80 + k**3 - 3*k - 2*k**2 - p. Determine g(5).
13
Let f(v) = -146*v**2 - 49*v - 44. Let l(i) = -30*i**2 + i - 2. Let m(u) = f(u) - 5*l(u). Give m(14).
-6
Let m(k) = 4*k**2 + 7*k - 2. Let c(o) = 3*o**2 + 8*o. Suppose -14*w = -6*w + 16. Let b(g) = w*m(g) + 3*c(g). What is b(-10)?
4
Let q(m) = -156*m + 11*m**3 - 163*m + 294*m - 79 - 12*m**3 + 17*m**2. What is q(15)?
-4
Let r(u) = -u**2 - 5*u + 14. Let p be r(-7). Let s(k) be the third derivative of k**5/60 + k**4/24 + k**3/3 + 17*k**2. What is s(p)?
2
Let f(h) = -h**2 + 8*h - 8. Suppose 26 = -44*o + 46*o. Let n = o + 1. Suppose 51 = n*x - 61. What is f(x)?
-8
Let u(c) = c**3 - 2*c**2 - 3*c - 3. Suppose 0 = 5*i - 5*v - 15, -7 = 959*i - 962*i + 5*v. What is u(i)?
17
Let p = -19 - -24. Let g(r) = r**2 - p + 8*r - r**3 - 2*r + 3*r**2 - r. Suppose -4*l - 2 + 18 = 0. Determine g(l).
15
Let h be (4/5)/((-6)/(-15)). Let w(x) = 3*x - 22. Let j(z) = 3*z - 16. Let y(f) = 7*j(f) - 5*w(f). What is y(h)?
10
Let a(r) = -r + 1. Let v(n) be the first derivative of -9*n**2/2 + 18*n - 28. Let s(b) = 12*a(b) - v(b). Let j(y) = -y**3 + y**2 - 4. Let x be j(0). Give s(x).
6
Let c be ((49/(-7))/14)/(1/(-4)). Let q(s) = 578 - 579 - 3*s**2 + 7*s**c + 2*s. Give q(-3).
29
Let t = -225 - -237. Let m(d) = -t - d + 0 + 3 + 10. Calculate m(6).
-5
Let v(h) = 55*h + 7. Let y(l) = -50*l - 6. Let z(u) = -3*v(u) - 4*y(u). Give z(-3).
-102
Let t(v) be the second derivative of v**4/6 - v**3/6 - 1736*v. What is t(4)?
28
Let f be (-3 - 1/(-5))*(-35)/14. Let i(m) = f + 8 + m**3 + 9*m**2 + 8*m - 14 + 5. Let x = -16 - -8. Determine i(x).
6
Let f(x) = -16*x**3 - 11 + 15 + 13*x + 12 - 9*x**2 + 15*x**3. Calculate f(-10).
-14
Suppose -q + w = 6, -5*w + 0 = 4*q - 3. Let m(z) = -3 - z**2 + 217*z - 440*z + 219*z. Determine m(q).
0
Let y(p) = -5*p**3 - 15*p**2 + 2*p - 15. Let d be -1 + 6/(-4)*(-100)/(-75). Let k(g) = 4*g**3 + 13*g**2 - 3*g + 14. Let u(z) = d*y(z) - 4*k(z). Give u(-8).
5
Let c(g) = 5 - 70*g + 62*g + 201. Let q be c(25). Let u(k) = k**3 - 5*k**2 - 4*k - 2. Give u(q).
10
Let w(q) = -q**2 + 6*q - 1. Let x be w(5). Let b(h) be the third derivative of h**6/120 - h**5/12 + h**4/6 + 5*h**3/6 - 11013*h**2 + 1. Calculate b(x).
5
Let c(s) be the third derivative of s**4/4 + 2*s**3/3 + 5*s**2 - 277*s. Give c(9).
58
Let s(g) be the second derivative of g**4/12 - 3*g**3/2 - 6*g**2 + 2*g. Let a be ((-11)/(-1))/((-5)/45*-9). What is s(a)?
10
Suppose -4 + 34 = -5*b, -4*b = -3*k + 15. Let i(d) be the second derivative of -d**3/2 + d**2 - 4*d. Give i(k).
11
Let h = 1340 + -1337. Let m(j) = -3*j**2 - 3*j + 6. What is m(h)?
-30
Let q(y) be the first derivative of -y**4/4 + 4*y**3/3 - 3*y**2/2 + 4*y - 5. Let k = -356 + 535. Let m = 182 - k. What is q(m)?
4
Let z(i) be the first derivative of i**4/4 + 3*i**3 + 5*i**2/2 - 21*i - 3807. Determine z(-7).
42
Let q be 2/(-4) - (6/28)/((-3)/(-21)). Let l(c) = 18*c**2 + 2*c + 2. Determine l(q).
70
Let o(d) = d**3 - 7*d**2 - 56*d + 379. Let a be o(6). Let k(m) = 4*m - 15. Give k(a).
13
Let k(y) = -241*y + 102*y - 18 + 138*y. Calculate k(16).
-34
Let l(m) = 15*m**2 - 10*m + 8. Let i(b) = -42*b**2 + 23*b - 24. Let o(f) = -4*i(f) - 11*l(f). Calculate o(-5).
-7
Let v(r) = 14*r**3 - 19*r**2 + 19*r + 9. Let n(c) = 5*c**3 - 7*c**2 + 7*c + 3. Let i(u) = 11*n(u) - 4*v(u). What is i(-4)?
41
Let j(d) be the third derivative of -d**5/60 - d**4/12 + 5*d**3 - 2619*d**2 + 2*d. What is j(-6)?
6
Let n(u) = -12*u + 4. Let d(i) = -13*i**2 - 59*i - 33. Let k be d(-4). Determine n(k).
64
Let g(a) be the first derivative of a**3/3 - 11*a**2/2 + a + 622. Determine g(10).
-9
Let f(h) = -h - 2. Let g be 0 - 0 - (-4 + -24 + 2). Suppose 0 = -5*m + 5*o - 46 - 4, -o - g = 5*m. What is f(m)?
4
Let b(j) be the first derivative of -j**6/360 + j**5/20 - j**4/24 + 2*j**3/3 + 9*j**2/2 - 11. Let m(v) be the third derivative of b(v). Determine m(7).
-8
Let o(c) = -116 - c + 54 + 60. Give o(-1).
-1
Let b(h) be the first derivative of 2*h**3/3 + h**2 + 2*h - 1337. Let x = 27 + -24. Suppose x*n + 1 = -5. Give b(n).
6
Let d(h) be the first derivative of -h**3/3 - h**2 - 6*h - 7260. Calculate d(8).
-86
Let r(o) = -o**2 - 8*o - 5. Let i(v) = -18*v + 0*v**2 - 2 + 10 + 2*v**2. Let q be i(7). Let b = -26 - q. What is r(b)?
7
Let o(c) = -c**2 + 3*c + 5. Let k(m) = -6*m + 232. Suppose 157 - 423 = -7*i. Let b be k(i). Determine o(b).
1
Let j(d) = -3*d**3 + 22*d**2 + 6*d - 26. Let f(w) = 13*w**3 - 91*w**2 - 25*w + 105. Let o(b) = 2*f(b) + 9*j(b). Determine o(16).
40
Let d(o) be the second derivative of -17*o**5/10 - o**4/12 + o**3/6 + o**2/2 - 2180*o. Determine d(1).
-33
Let f(o) = -16*o**2 + 10*o - 153. Let h(q) = -17*q**2 + 11*q - 170. Let t(v) = 10*f(v) - 9*h(v). Calculate t(1).
-6
Let i(d) = 22*d**3 + 48*d**2 + 41*d - 76. Let n(y) = 5*y**3 + 12*y**2 + 10*y - 19. Let l(w) = 2*i(w) - 9*n(w). Calculate l(-12).
115
Let s(h) = h**2 + 14*h + 0*h + 9*h - 16*h + 3*h + 10. Determine s(-8).
-6
Let r(c) be the third derivative of c**5/60 + 19*c**4/24 + 19*c**3/6 + c**2 + 4447. What is r(-21)?
61
Let b(p) = -p**2 + 2166*p - 1088*p + 8 - 1084*p. Calculate b(-8).
-8
Let g(y) = 27451*y - 54876*y + 31 + 27435*y. What is g(0)?
31
Let r(o) be the first derivative of -50*o**3/3 - 5*o**2/2 - 3*o + 8180. What is r(-1)?
-48
Let p(i) = 88*i - 35. Let v(s) = -73*s + 28. Let n(h) = -5*p(h) - 6*v(h). Let x(g) = g**3 + 5*g**2 + 3*g - 3. Let l be x(-3). Determine n(l).
-5
Let i(c) be the second derivative of 5/12*c**4 - 48 - 2*c + 1/3*c**3 - 1/20*c**5 - 3*c**2. Suppose 0 = 2*f + f - 15. Calculate i(f).
4
Let k be (9/(-3) - 0)*11/(-11). Let v(w) be the second derivative of -1/2*w**2 + 1/2*w**3 + 0 + k*w. Determine v(5).
14
Let x(z) = 3*z + 4. Let j(i) = -16*i - 19. Let y(h) = -2*j(h) - 11*x(h). Suppose -116*l + 386 - 2021 - 105 = 0. Give y(l).
9
Let b(s) = -2*s**2 - 58*s + 78. Suppose 91*j = 4*p + 87*j + 148, -5*j = -35. What is b(p)?
18
Let v(o) = -o**2 + 2*o + 6*o - o + 0*o - 4. Let c be 2656/(-498) - 31/(-3). Determine v(c).
6
Suppose -2*c - 11 = -13*c. Let t(q) = 0*q - c - 2 - 4*q. Determine t(-6).
21
Let h(x) be the second derivative of -x**5/10 - 29*x**4/12 - 8*x**3/3 - x**2 + 725*x. Determine h(-14).
26
Let j = 9 - 15. Let y(u) = -u**2 - 6*u + 12. Let o be y(j). Suppose 5*t + o = 3*t. Let f(l) = -l - 6. What is f(t)?
0
Let c(g) be the second derivative of 0 + 26*g + 1/12*g**4 - 11/6*g**3 + 0*g**2 + 1/120*g**5. Let q(l) be the second derivative of c(l). Calculate q(-4).
-2
Let g(o) be the third derivative of o**5/60 - o**4/3 - 4*o**3 + 8*o**2 - 143. What is g(10)?
-4
Suppose 0*c + c = -q + 7, -3*c = -q - 5. Let t(o) = 6 + 598*o**c + 8 - 299*o**3 - 300*o**3 + 11*o**2 - 11*o. Calculate t(10).
4
Let k = -10 - -14. Let r(p) = 5*p**3 - p**2 - 5*p + 2. Let d(a) = -7*a**3 + 5*a - 1. Suppose -4*u = -17 + 9. Let l(z) = u*d(z) + 3*r(z). Determine l(k).
0
Let c(p) = -p**2 - 9*p + 32. Suppose -18*g = -5*g + 4*g + 238. What is c(g)?
-38
Let y = -22462 - -22456. Let k(h) = 3*h**2 + 14*h + 22. Calculate k(y).
46
Let o(s) = -5*s - 4. Let q be 22/(-4) - (-5)/(-10). Let l(a) = a + 1. Let u(d) = q*l(d) - o(d). Let z be (14 - (-198)/(-21)) + 9/21. Give u(z).
-7
Let a(g) be the first derivative of g**2/2 - 